p be (2/4)/((-2)/a). What is the units digit of p/21 + (-120)/(-21)?
6
Let y = 145 - 236. Let q = -64 - y. What is the units digit of q?
7
Let u be 20/(-9) - (-4)/18. Let s(q) = 2*q + 6. What is the units digit of s(u)?
2
Let h be (-6)/9 + 116/12. Suppose -21 = -2*j - h. What is the units digit of j?
6
Suppose 0 = -10*i + 6*i + 96. What is the tens digit of i?
2
What is the units digit of (42/7)/(6/183)?
3
Let c(a) = a**2 + 9*a - 25. What is the units digit of c(-13)?
7
Let n = -11 - -22. What is the tens digit of n?
1
Let p = 18 - 6. Let k = -7 + p. What is the units digit of k?
5
Let n be 1*39 + (2 - 3). Suppose -5*u + n = 3*x - x, 46 = 2*x + u. Suppose f = -3*f + x. What is the units digit of f?
6
Let o(g) = 7*g**2 - 2*g + 14. What is the units digit of o(5)?
9
Suppose 2*z - 5*q + 121 = 4*z, 4*z - q - 253 = 0. What is the tens digit of z?
6
Suppose -6 = 2*l - 42. Let j be 4/(-6)*l/(-4). Suppose j*z = -z + 4. What is the units digit of z?
1
Suppose g + 3*v + 115 = 5*g, -4*g + 85 = 3*v. What is the units digit of g?
5
Suppose 6*r - 8 = 4*r. Suppose -r*p - 12 = -72. What is the tens digit of p?
1
Let g(s) = -s**3 + s**2 - s + 1. Let c(z) = -7*z**3 + 6*z**2 - 5*z + 52. Let a(l) = c(l) - 6*g(l). What is the units digit of a(0)?
6
Let p(f) = 5*f**3 - 2*f**2 + f - 6. Let a(d) = 6*d**3 - 2*d**2 + d - 5. Let b(q) = -6*a(q) + 5*p(q). Let l be b(1). Let j = 5 - l. What is the tens digit of j?
1
Suppose -q + 27 - 10 = 4*b, 2*q + 18 = 5*b. Suppose b*a - 43 = -3. What is the tens digit of a?
1
Suppose -245 - 6 = -5*n + 2*r, 0 = 3*n + 5*r - 163. What is the units digit of n?
1
Suppose 2*t + t - 24 = 0. Let b be 2 + (-2 - (-1 - 10)). Suppose 3*u = -3*i + t*i + 11, u - b = -2*i. What is the units digit of u?
7
Let h(l) = l**3 + 8*l**2 + 8*l + 10. Let d be h(-7). Suppose 0 = 2*q - 5*s - 21 - 12, -d*s + 53 = 4*q. What is the tens digit of q?
1
What is the units digit of (-186)/(-6) + (-1 - -5)?
5
Suppose -5*d + 1 - 11 = -2*s, -21 = 4*d + s. Let t = -2 - d. What is the units digit of 1*(t - (-6)/2)?
5
Let r = 3 + -3. Let j = 1 + r. What is the units digit of j?
1
Let y(l) = l**3 + 7*l**2 + 3. Let n be y(-7). Suppose -n*j - 23 = -4*d + 8, 2*d + 3*j + 7 = 0. What is the units digit of d?
4
Let a = -178 + 329. What is the units digit of a?
1
Let x be 7 + -7 - (-1 - 5). Let n = -3 + x. What is the units digit of n?
3
Suppose 4*p - 3*a = -0*a - 11, -p + a = 4. Let n be (p - 3) + -1 + 1. What is the units digit of 10 + 1/n*2?
9
Suppose 2*x - 3*j - 80 = 0, -j + 39 = x - 3*j. Let b = -25 + x. What is the units digit of b?
8
Let b(c) = -c + 34. Let g = -1 + 1. What is the units digit of b(g)?
4
Let l(v) = v**3 - 7*v**2 + 8*v + 12. What is the units digit of l(8)?
0
Let s(p) = p**2 + 9*p + 8. Let y(l) = l**2 + 10*l + 1. Let z be y(-9). Let i be s(z). What is the tens digit of -4*(-4 + (1 - i))?
1
Suppose -4*l + 102 = -2*v, 21 - 70 = -2*l + 3*v. Let z = 39 - l. What is the units digit of z?
3
Suppose 1752 = 13*x - 9*x. What is the tens digit of x?
3
Suppose -q + 4*a + 6 = 0, -2*q - 1 = -4*q - 3*a. Let b(p) = -p**2 + 5 - 2*p + q*p. What is the units digit of b(0)?
5
Suppose -4*i - 32 = -2*t, -i = 3*t - 80 + 25. What is the units digit of t?
8
Let p(m) be the first derivative of -3*m**2/2 - 4*m - 1. Suppose -4*s + l = 16, 2*s + 2*s + 4*l + 36 = 0. What is the tens digit of p(s)?
1
Let t be 4/6*(-18)/(-4). Let z = t - 0. What is the units digit of z?
3
Suppose -170 = -3*y + 508. What is the tens digit of y?
2
Suppose -5*m = -15, -i - 4*m - 15 = -4*i. Let z = i - 5. What is the units digit of z?
4
Let g be (2 - 3)/((-2)/(-10)). Let w = 8 + g. Suppose 0 = -3*r - w*v + 1 - 4, 4*r = v + 6. What is the units digit of r?
1
What is the units digit of (-172 + -5)*2/(-6)?
9
Let b(k) = 10*k - 1. Let q be b(6). Suppose 3*t = -q + 11. Let g = 37 + t. What is the units digit of g?
1
Suppose -3 = u - 2. Let w = 6 - u. What is the units digit of w?
7
Suppose 3*n - 27 = g - 2*g, 0 = 2*g + 4*n - 54. Let a = 42 - g. What is the tens digit of a?
1
Suppose 0 = -2*o - 283 + 23. Let p = -78 - o. What is the tens digit of p?
5
Suppose -v + 141 - 43 = 0. Let b = v + -64. Suppose 0 = -4*s + 30 + b. What is the units digit of s?
6
Let t(y) = 3*y**3 - 14*y**2 - 13*y + 4. Let f(u) = u**3 - 7*u**2 - 6*u + 2. Let o(k) = -5*f(k) + 2*t(k). Suppose 3*c + 0 = -18. What is the tens digit of o(c)?
1
Suppose 25 = 4*t + t. Suppose 0 = 2*r + 2*f - 16, 12 = t*r - f - 10. Suppose r*u = 4*a - 39, -2*u + 0*u = -5*a + 70. What is the tens digit of a?
1
Let z be 3 + 0 - (-2 - 1). Let h = -1 + z. What is the units digit of h?
5
Suppose c + c + 2 = 0. Let t be (-2)/1*c/(-2). What is the tens digit of t/(3 + 68/(-22))?
1
Suppose -8 = 2*t + 4. What is the units digit of (1 + 0)/(t/(-42))?
7
What is the units digit of (168/(-20))/(3/(-10))?
8
Let f be 22/(-10) - 2/(-10). Let c be -2 - (f - 0/(-3)). Suppose c = -2*y + 16 + 2. What is the units digit of y?
9
Suppose 2*a + 4 = 4*a. What is the units digit of a?
2
Let j(b) = -b**2 - 6*b - 6. Let d be j(-7). Let c = 23 + d. What is the tens digit of c?
1
Let s = -27 - -17. What is the units digit of (-8)/(-5) + (-4)/s?
2
Let z(n) = n + 3. Let w be z(0). Let g = w + -1. What is the units digit of g?
2
What is the units digit of 5/(-15) + (-687)/(-9) + 3?
9
Let g be -5*5/(50/4). Let a = -3 + g. Let z(d) = -d + 2. What is the units digit of z(a)?
7
Let g(a) = 3*a**2 - 7*a + a - 2*a**2. Let u be g(6). Suppose u = -4*p - 0*o - 5*o + 52, -2*p + 26 = 2*o. What is the tens digit of p?
1
Let d = 12 + -10. Suppose 0 = -d*s - 0*s + 38. What is the tens digit of s?
1
Let f(n) = 348*n**2 + n - 1. What is the units digit of f(1)?
8
Suppose -60 - 60 = -4*g. What is the tens digit of g?
3
Let b(k) = -8*k + 2. What is the tens digit of b(-4)?
3
Let v(l) = 15*l + 1. Let x(r) = r**2 + 3*r. Let a be x(-4). Let h be v(a). Suppose 4*y + 17 = h. What is the units digit of y?
1
Suppose -2*i - 3*i = -j - 90, -4*i + 3*j + 83 = 0. What is the units digit of i?
7
What is the units digit of 2/(-5)*(-16 - -11)?
2
Let c = 5 - -15. Suppose 0*a - c = -4*a. Let b = -4 + a. What is the units digit of b?
1
What is the units digit of 1001/14 - 6/4?
0
Let f be 48/2*(-12 - -15). Suppose 3*l - f = -2*z - l, -112 = -3*z - 5*l. What is the tens digit of z?
4
Suppose 0 = 3*z + 4 - 76. Suppose 4*b - z = 4*k, 0 = -0*b + 2*b + 5*k - 19. What is the units digit of b?
7
Let n(v) = -2 + 10*v + 8*v**2 + 2*v**3 + 0 - 3*v**3. Let u be 2 + (-14)/2*-1. What is the units digit of n(u)?
7
Let n = 14 + -21. Let m(p) = -p**3 - 7*p**2 - 2*p - 8. What is the units digit of m(n)?
6
Let r(t) = 7 + 2*t**2 + t**2 - 4*t**2 - 8*t. What is the units digit of r(-5)?
2
Let x be 7 - (5 - 0 - 2). What is the tens digit of (-800)/(-56) + x/(-14)?
1
Let m(s) = s**3 + s + 2. Let j(i) = i**3 - 3*i**2 - 4*i. Let w be j(4). Let a be m(w). Suppose -4*r = -58 + a. What is the units digit of r?
4
Let t = 8 - 8. Suppose -5*l + 3*l + 24 = t. What is the units digit of l?
2
Let l = -6 + 8. Suppose l*i = -0*i + 48. What is the tens digit of i?
2
Suppose -4*g = -2*x + 44, 11 = -3*g - 2*x - 15. Let f(d) be the first derivative of d**3/3 + 9*d**2/2 - 9*d - 13. What is the units digit of f(g)?
1
Let f be -1 + 2*(1 + -2). Let z = f + 5. Suppose -3*m - z*w + 3*w = -6, -2*m + 5*w - 9 = 0. What is the units digit of m?
3
Let q(z) = 3*z**3 - 6*z**2 - z - 3. Let m(y) = -2*y**3 + 6*y**2 + y + 4. Let v(c) = -4*m(c) - 3*q(c). Let l be v(-6). What is the units digit of (-1*3)/l*1?
3
Let s be (4 + -4)/(-1 - 0). Suppose s = 2*f + p - 22, -2*f = 3*p - 14 - 4. Suppose -f = -4*l - 4. What is the units digit of l?
2
Suppose 74 = k + 5*i, 3*k + 4*i + 31 = 275. Suppose k = 5*c - 6. What is the tens digit of c?
1
What is the units digit of (-230)/(-12) - 1/6?
9
Suppose -3*t + 5*c = 7, 2*t = -2*t + 2*c. Let h be 0 - (2 + -1 + -3). What is the units digit of (-1 + h)*1/t?
1
Let m be 7 - 0*(-3)/9. What is the units digit of m + (3/(-1))/(-3)?
8
Let n(r) = -r**3 + 9*r**2 + 2*r - 13. Suppose 4*w - 25 = -5*l - 3, -4*w = -12. Let u be 0 + l/(4/18). What is the units digit of n(u)?
5
Let q(j) = -j + 6. Let c be q(4). Suppose -3*g = c*g - 25. What is the units digit of g?
5
Let x be 26/7 + 4/14. Let s(o) = o**3 - 3*o**2 - 2*o + 1. What is the units digit of s(x)?
9
Let m be 4*3/6 + 0. S